5*m. Is o a multiple of 2?
True
Let q be -1 - (-1 - 4 - 1). Suppose q*r - 90 = -280. Let j = -23 - r. Is j a multiple of 6?
False
Suppose -658 = -5*n + 692. Is n a multiple of 30?
True
Let o be 3/(-6)*(-2 - 2). Suppose i - 120 = -o*i. Does 20 divide i?
True
Let n(x) = 4*x - 2. Let h be n(-2). Let d = -8 - h. Suppose a + 29 = d*a. Does 19 divide a?
False
Suppose 0 = 11*z - 2*z - 855. Is z a multiple of 9?
False
Suppose -n - 3*n = -4. Let z be 105 + (n + -1)/(-1). Suppose -4*c + z + 107 = 0. Does 21 divide c?
False
Suppose -13*g = -17*g + 316. Is 17 a factor of g?
False
Let b(n) = n**2 - n - 1. Let g(d) = -2*d - 24. Let f be g(-11). Is 4 a factor of b(f)?
False
Let t(k) = 49*k + 14. Let g be t(10). Suppose -408 - g = -3*o. Suppose -5*c - o = -4*j, -3*j - 5*c + 104 = -89. Is 20 a factor of j?
False
Let w(m) = m**3 + m**2. Let p be w(0). Suppose -5*s - 6 = -2*f + 25, p = -5*f + 3*s + 68. Is 12 a factor of f?
False
Suppose -4*i = -2*i - 72. Does 12 divide i?
True
Let t(p) = p**3 + 15*p**2 + 18*p - 28. Is 18 a factor of t(-12)?
False
Suppose 9 = v - 46. Let x = -29 + v. Let d = x - 16. Does 5 divide d?
True
Let g = 16 - -64. Does 16 divide g?
True
Let h(g) be the third derivative of 29*g**6/120 - g**5/30 + g**4/24 + 2*g**2. Suppose 2 - 5 = -3*k. Is h(k) a multiple of 14?
True
Suppose -5*g - 1 + 11 = 5*d, -d - 18 = -3*g. Suppose -4*z + 70 = -3*z - 2*s, 0 = g*z - 2*s - 310. Is z a multiple of 20?
True
Is 16 a factor of (-2)/(-4) - (-1023)/66?
True
Let j(g) = -g + 12. Let y(p) = -2*p - 7. Let m be y(-7). Let c be j(m). Let s = c - 2. Is s a multiple of 3?
True
Let a be -5 + -4 - (0 - -3). Is 3 a factor of ((-8)/a)/((-3)/(-18))?
False
Suppose -250 - 395 = -5*u. Is 28 a factor of u?
False
Suppose -g - 8 = -4*x - 4*g, -x + g = -2. Let f = 28 + -7. Let p = x + f. Is 16 a factor of p?
False
Let s = 72 - 42. Is 6 a factor of s?
True
Suppose 3*k - 2*c + 2 = 0, 0 = -2*k - 3*c - 0 + 16. Suppose -14 = -k*z + 20. Is 17 a factor of z?
True
Let t(x) = -4*x + 1. Let a(z) = z. Let d(l) = -6*a(l) - t(l). Let o be d(-2). Suppose -w - 74 = -o*w. Is 16 a factor of w?
False
Let l(z) = z**3 + 6*z**2 + 3. Let a be l(-6). Suppose -a*j + 4*j - 2 = 0. Suppose 0 = 2*f + 8, -s = j*s - 4*f - 40. Does 4 divide s?
True
Is 61 a factor of 287 + 3 - (-12)/(-6)?
False
Let u(p) = 5*p**3 + p**2 + 2*p + 1. Let y be u(-1). Let r(a) = 2*a**2 - 10. Does 8 divide r(y)?
True
Suppose -679 = -4*h + q, 3*h = q - 3*q + 523. Is 19 a factor of h?
True
Suppose 2*g = -4*n - 3*g - 195, 0 = -5*n - g - 249. Let h = 251 + -355. Let c = n - h. Is c a multiple of 18?
True
Suppose 0 = -3*z - 3, 2*a = -2*z - 0*z + 4. Is a a multiple of 2?
False
Suppose 2*k - 17 = 5*c + 16, 0 = -c - 5. Suppose -k*x + 6 = 6*o - 4*o, -13 = -5*x + 3*o. Is 2 a factor of x?
True
Let s(j) = 3*j**2 - 3*j + 3. Let o be s(2). Suppose 3*m = -0*m + o. Is 3 a factor of m?
True
Suppose 0 = 4*l - 5*l - 3*i + 189, -3*l - 3*i = -579. Is 11 a factor of l?
False
Suppose 1 = 5*k + 16. Let f be 6/(-5)*(-10)/k. Does 5 divide ((-5)/f)/((-1)/(-4))?
True
Let d(k) = -k + 14. Is d(-8) a multiple of 6?
False
Let t = -5 + 3. Let z be ((-8)/12)/(4/(-6)). Is (5 - 0) + z + t a multiple of 4?
True
Let g = -3 + 7. Suppose -g = -o - 3*o, 0 = -5*p - o + 16. Is p a multiple of 3?
True
Does 22 divide 518/6 + (-1)/3?
False
Let y = -23 - -38. Is 5 a factor of y?
True
Let i be (-14)/35 - (-27)/5. Suppose p = 3*a - 32, 11 = 4*a + i*p - 19. Is a a multiple of 7?
False
Let g(x) = -2*x**2 + 61*x - 24. Is 32 a factor of g(27)?
False
Let t be 1 + 3/(6/8). Suppose 0 = 2*q - 5 - t. Suppose 3 = f - q. Is 3 a factor of f?
False
Suppose -27 - 13 = -4*k. Is k a multiple of 5?
True
Suppose -11 = 2*h + 13. Does 20 divide (-2)/h + (-5385)/(-90)?
True
Suppose -4*s + 11 = -33. Let c = s + -5. Is 4 a factor of ((-44)/c)/(6/(-9))?
False
Let n(u) = u**3 - 6*u**2 + 2*u - 5. Let m be n(6). Let j(x) = 2*x - 8. Let r be j(m). Is (10/(-4))/(r/(-36)) a multiple of 4?
False
Let q(d) = -d**2 - 6*d + 1. Let p(f) = 9*f - 2*f - 2*f. Let t be p(-1). Is 3 a factor of q(t)?
True
Let t(v) = v**3 + 3*v**2 - 2. Let m be t(-4). Let f = m + 38. Is 20 a factor of f?
True
Let r = 10 - 37. Suppose -2*w + f + 105 = 0, 4*f - 96 = -2*w + 2*f. Let l = w + r. Is l a multiple of 12?
True
Let g = -15 - -87. Is 12 a factor of g?
True
Is 1050/33 - (-4)/22 a multiple of 10?
False
Let v(j) be the first derivative of 13*j**2/2 + j - 1. Let s be v(4). Suppose s = 5*x - 37. Does 18 divide x?
True
Suppose -i + 2*f = -3*f - 29, 3*i - 2*f - 74 = 0. Does 6 divide i?
True
Suppose 4*b - 7*i + 2*i = 169, 0 = 5*i + 5. Let c = b + -2. Is c a multiple of 13?
True
Suppose 2*q - 7*q + 40 = 0. Suppose 3*t - 3*g + 2 = q, -t - 8 = -3*g. Is 2 a factor of t?
False
Let g = -4 - -8. Is 3 a factor of g?
False
Let y = 103 + -73. Does 5 divide y?
True
Let m be (-7)/35 + (-118)/10. Let l = m + 34. Is 11 a factor of l?
True
Let p be 132/36 + 2/6. Suppose -3*c - 45 = -p*c. Is c a multiple of 15?
True
Suppose 2*s = s - 18. Let r be (s + 2)*3/(-3). Suppose -w + r = -0*w. Is w a multiple of 8?
True
Suppose -5*j + 265 = -0*j. Does 15 divide j?
False
Suppose r - 3 = 0, 2*x - 6*x + 243 = r. Does 15 divide x?
True
Let l(b) = -b**3 + 10*b**2 - 4*b + 9. Let q be l(9). Does 18 divide (-96)/(-9)*q/8?
True
Let o = -46 + 154. Is 18 a factor of o?
True
Let k(p) = -p**3 - 2*p**2 - 3*p + 4. Is k(-3) a multiple of 6?
False
Let k = -32 - -19. Let x(a) = a + 18. Does 5 divide x(k)?
True
Let k(z) = -44*z**3 - 6. Let i(u) = 45*u**3 + 7. Let j(h) = -5*i(h) - 6*k(h). Is j(1) a multiple of 20?
True
Let a(l) = l**2 + 2*l**2 + 3 + 3*l**3 + 0*l**3 - 4*l**3. Let h be a(3). Suppose -h*t + 8*t = 10. Is t a multiple of 2?
True
Suppose 5*p + 21 = -2*d, 5*p + 3*d + 9 = 2*p. Let q(g) = -1. Let j(r) = 2*r**2 + 3*r + 1. Let w(u) = j(u) + 5*q(u). Is 19 a factor of w(p)?
False
Suppose -v + 60 = 4*v. Suppose -2*c + 23 = a, 4*c - v = -3*a + 33. Is c a multiple of 6?
True
Let m(h) = -h**3 - 6*h**2 + 6*h + 9. Let j = 0 - 7. Does 13 divide m(j)?
False
Suppose 1 = w - 1. Suppose 2*b + 23 = v, v - w*v = 4*b - 29. Is v a multiple of 13?
False
Let o be 32/12 - (-2)/(-3). Let n be o + (20 + -2 - 0). Suppose -n = -2*y - 6. Is y a multiple of 7?
True
Let s = -137 + 247. Let q = s + -62. Does 13 divide q?
False
Let h = 11 + -8. Suppose 0 = h*g + 22 - 94. Let q = g + -15. Is 6 a factor of q?
False
Let c(r) = -2*r - 6. Does 9 divide c(-9)?
False
Let i(m) = -m**3 - 6*m**2 + 8*m + 10. Let p be i(-7). Suppose -p*a - a + 86 = -2*z, -5*a = -4*z - 112. Is a a multiple of 15?
False
Let q = -26 - -86. Suppose 0*m = 3*m - q. Does 10 divide m?
True
Let g(o) = -o**3 + 8*o**2 + 8*o. Let v be g(9). Does 14 divide 30/4*(-60)/v?
False
Does 4 divide 26/6 + 3/(-9)?
True
Suppose 5*w - 13 = -2*u + 18, 0 = w - 5. Suppose u*q + 31 = 4*c, -c + 2*q = -2 - 2. Is c a multiple of 8?
False
Let z(h) = -h + 2. Let i be z(8). Let t be (-4)/i + (-5)/3. Let u = t - -3. Is u a multiple of 2?
True
Suppose -m = 4*m + 10. Does 13 divide (m/(-3))/(2/117)?
True
Suppose -3*k - 4*m - 146 = 0, -53 = 2*k + m + 36. Does 2 divide (-2)/8 + k/(-8)?
False
Let g(c) = 5*c - 3. Let a be g(2). Suppose 2*j = j + a. Does 2 divide j?
False
Suppose 0 = 17*b - 13*b - 112. Is 7 a factor of b?
True
Suppose -5 = 3*l + 7. Does 14 divide (l - -3)/((-1)/30)?
False
Let t = 91 + -41. Is 21 a factor of t?
False
Suppose 6 = -2*y + 4*y. Let w(i) = 6*i - 1. Is w(y) a multiple of 17?
True
Let b(l) = -l**2 - l + 3. Let t be b(0). Suppose 2*h - 5*d = -d + 56, t*h - 5*d = 89. Is h a multiple of 15?
False
Let n(f) = 3*f**2 - 10*f - 1. Let x(l) = -4*l**2 + 11*l. Let q(r) = 5*n(r) + 4*x(r). Is 2 a factor of q(-4)?
False
Let l = 65 - -1. Suppose l = 4*x - x. Let p = -16 + x. Is 3 a factor of p?
True
Let j(o) = -2*o - 4. Let b be j(3). Let i = -4 - b. Does 6 divide i?
True
Let f be 13 + (-2)/(-1)*1. Let c be -3 - (-5)/(f/42). Let t = -8 + c. Is t even?
False
Let k(o) = -o + 195. Let m = -2 - -2. Let q be k(m). Suppose 3*f + q = 8*f. Is 13 a factor of f?
True
Let j(k) = -23*k - 3. Let f(s) = 11*s + 2. Let a(h) = -13*f(h) - 6*j(h). Does 9 divide a(-7)?
True
Let j(m) = m**2 - 6*m - 23. Is 8 a factor of j(15)?
True
Let s(y) = y + 4*y - 2 + 6 - 2. Does 22 divide s(4)?
True
Suppose 4*s - 3*u = -608, -u = -s + 3*s + 294. Let j = s + 89. Does 13 divide (j/14)/((-1)/7)?
False
